 - 4 - 6. What is r(5)?
5
Suppose -v = 2*v + 2*b + 15, b = -3*v - 18. Let z = 10 + v. Let m(x) = -3 + x + 3 - 1 + 0*x. What is m(z)?
2
Let o be (-48)/(-27) + 6/27. Let y(x) = -x**3 - 3*x**2 - x. Let k be y(-3). Let l(m) = -m**3 + 0 + 0*m**o - k*m**2 + 3. Calculate l(-3).
3
Let a(l) = l**2 + 4*l - 4. Let v(y) = y**2 - 7*y + 1. Suppose -10 = 2*q - 4*q. Let i be (-2)/q - (-64)/10. Let r be v(i). What is a(r)?
1
Let z = -89 - -86. Let x(s) = -s**3 - 4*s**2 - 2*s + 1. Calculate x(z).
-2
Let h(k) = -2*k**2 + 6 - 8 - k**2 - k + 2*k**2 + 2*k**3. Give h(2).
8
Suppose 0*i = 2*i - 5*h - 5, -2*h = -4*i + 2. Let b = 0 - i. Let c(m) = 0 + m - 1 + b. Give c(-2).
-3
Let s(i) be the second derivative of i**4/12 - i**3/3 - i**2/2 - i. Suppose 4*m - 5*q - 12 - 14 = 0, -5*q - 2 = 2*m. Determine s(m).
7
Let c(b) = b - 7. Let f be c(9). Let o(y) = -y**2 + 2*y + 1. Calculate o(f).
1
Let j(c) be the second derivative of -c**3/6 - 3*c**2/2 - 2*c. Let q(n) = 4*n + 10. Let r(b) = 7*j(b) + 2*q(b). What is r(1)?
0
Let f be (3/(3/4))/2. Let z(w) be the first derivative of 4 - 2 - 4 + 2*w + w**f. What is z(-4)?
-6
Let d(g) = g**2 - g + 4. Let c be d(0). Suppose c*k - 18 + 6 = 0. Let r(p) = -3 + k - 7*p. Calculate r(-1).
7
Let v(z) = z**3 + 3*z**2 - 4*z - 2. Let k(f) = f**3 - 9*f**2 - 4. Let p be k(9). What is v(p)?
-2
Let k(u) = -2*u**3 - 5*u**2 - 2*u + 3. Suppose -4*v = -2*i - 6, 4*v - 27 + 12 = 5*i. Give k(i).
18
Let u(d) = d**2. Let b(r) = r**3 + r**2 + 11. Let i(w) = -b(w) + 2*u(w). What is i(0)?
-11
Let p(v) = -7*v**3 + 4*v**2 - 2*v. Let f(y) = -y**3. Let h(c) = 6*f(c) - p(c). Let d = -51 - -54. Give h(d).
-3
Suppose -4*a + 9 = -a, -2*p - 2*a + 4 = 0. Let i(g) = 5*g**2 - 11*g**2 + 0*g**2 + g**2. What is i(p)?
-5
Let t(j) be the third derivative of -j**6/120 + j**5/6 - j**4/3 - 7*j**3/6 + 10*j**2. Calculate t(9).
2
Suppose 4*p - 2*c + 6 = -0*c, -p - 3*c = 5. Let n be -1 - (p - (-2 - -2)). Let y(g) = 14*g - 1. Calculate y(n).
13
Let k(m) = -m**2 - 6*m. Suppose 0*p = -2*p + 16. Let y = p - 18. Let q be (5/(y/(-6)))/(-1). Determine k(q).
9
Let h(s) = s**3 + s**2 + 4. Let m(c) = -c**3 - 2*c**2 + c - 5. Let k(i) = 3*h(i) + 2*m(i). Suppose 0 = -3*g - 3*w - 27 + 6, 12 = -g - 2*w. Calculate k(g).
-14
Let x(s) = -6*s + 3. Let p(j) = -j - 1. Let h(z) = 5*p(z) - x(z). Let i = 14 - 14. Calculate h(i).
-8
Suppose 0 = -b + 3. Suppose 4*l + b = 23. Let g(c) = 0 + 2 + 15*c - 16*c. Calculate g(l).
-3
Suppose -4*c = -2*c - 12. Suppose c*y - 3*y = -12. Let u(o) be the third derivative of o**4/12 + o**3/3 + 5*o**2. Determine u(y).
-6
Let a(c) = -4*c**2 + 5*c - 6. Let i(r) = -r**2 + 2*r. Let b(m) = -a(m) + 3*i(m). Calculate b(0).
6
Let o = -5 - -7. Let k(g) = 10 - o*g + 9*g + 5. Let n(i) = -20*i - 44. Let v(u) = -17*k(u) - 6*n(u). What is v(-4)?
5
Let z(f) be the second derivative of -5/2*f**2 - 5*f + 0 - 1/20*f**5 - 7/12*f**4 - f**3. Calculate z(-6).
-5
Let g = -1 + 1. Suppose 17 = 5*j - k, -5*j - k - 9 = -22. Let t(s) = 5*s + 3*s**2 - 2*s**2 + s**j + 4 - 2*s**3 - 6*s. Calculate t(g).
4
Let y(x) = -x. Let a be y(-3). Let s(q) = 5*q**2 + 10*q + 6. Let c(o) = 4*o**2 + 9*o + 6. Let u(v) = a*s(v) - 4*c(v). Give u(-4).
2
Let v(o) = 6*o + 5. Let w(a) = -7*a - 6. Let k(q) = 4*v(q) + 3*w(q). Let b(u) = -u**2 + 1. Let y be b(-2). What is k(y)?
-7
Let w(y) = -y**2 + 3*y. Let j be w(3). Let c(r) = -r**2 + r - 4. What is c(j)?
-4
Let h(n) = n**2 + 5*n + 3. Let f be h(-6). Let a(s) = -3*s + f*s - s**2 + 1 - 6. Determine a(4).
3
Let a(c) = c**3 - 6*c**2 + 5*c + 6. Suppose -4*r + 6 = -r. Suppose b + 4*b = 4*w - 55, 5*w - 3*b - 85 = 0. Suppose r*g + 2*g = w. Determine a(g).
6
Let n = 6 - 0. Let s(p) = -7*p**3 - 5*p**2 - 2*p + 4. Let v(q) = 6*q**3 + 5*q**2 + 2*q - 3. Let a(f) = n*v(f) + 5*s(f). Give a(-4).
10
Let f be 1 + -2 - (4 + -7). Let k be (9/6)/((-1)/f). Let q(i) = i - 3. Calculate q(k).
-6
Let b(j) be the third derivative of -j**6/120 - j**5/12 - j**4/12 + 2*j**3/3 - j**2. Suppose t - 2*t = -2*m - 9, -4*t = m. Calculate b(m).
-4
Let y(l) = -3*l**2 - 14*l + 10. Let p(t) = -t**2 - 5*t + 3. Let a(c) = 7*p(c) - 2*y(c). Give a(-3).
13
Let l(r) = -5*r**3 + 3*r - 1 - 1 + 3*r + r**2. Let t(y) = y**3 - y. Let q(h) = -l(h) - 4*t(h). Determine q(2).
2
Let y(z) = 3*z**2 - z. Let h(m) = m**2 - 1. Let u(i) = 4*h(i) - y(i). Suppose 0 = -3*t - 2*w + 6*w + 29, 0 = 3*t + w - 4. Determine u(t).
8
Let a(q) = q - q**3 + 2 - 5 - 3*q**2 + 2*q**2 + 0. What is a(0)?
-3
Let q(i) = -4*i - 16. Let d be q(-5). Let z(w) be the second derivative of w**5/20 - w**4/6 - 5*w**3/6 - w**2/2 + 2*w. What is z(d)?
11
Let z(w) = -w**2 - 8*w - 6. Let v(d) = -4*d**2 - 33*d - 25. Let x(f) = 2*v(f) - 9*z(f). Let y(h) = 4*h**2 + 24*h + 16. Let a(g) = 9*x(g) - 2*y(g). Give a(-4).
-4
Let t be (1 + 1)*(-1)/(-2 - -4). Let z(d) = -18*d**2 + d. Calculate z(t).
-19
Let c(m) = 4*m + 1. Let z(t) = -12*t - 3. Let a(g) = -11*c(g) - 4*z(g). What is a(5)?
21
Let i(y) = 2*y**2 + 5*y - 1. Let a(n) = 5*n + 1. Suppose 3*j - 20 - 10 = 0. Suppose 17 = -5*t - 3*w, -3*t + t = -3*w - j. Let f be a(t). Give i(f).
11
Let f(a) = -a**2 - 2*a + 1. Let g be f(-2). Let x(t) = 4*t**3 + 2*t - 3. Let b(s) = 4*s**3 + s - 2. Let q(w) = 3*b(w) - 2*x(w). Give q(g).
3
Let q(s) = s**2 - 2*s - 3. Let b(o) = 4*o**3 - o**2 + 2*o - 1. Let x be b(1). Let r be q(x). Let j(i) = i**2 - 4*i - 6. Calculate j(r).
-1
Let t(j) = 3*j**2 + j + 1. Suppose 6*i = 3*i - 6. Calculate t(i).
11
Let f(w) = w**2 - 7*w + 6. Suppose -4*s + 28 = -o - 0*o, -34 = -3*s + 4*o. Calculate f(s).
0
Let q(z) = z**3 - 2*z**2 - z + 1. Suppose 4*o + d = 4 + 5, 4*o - 5*d = 3. What is q(o)?
-1
Let q(o) = 2*o - 3. Let u(m) = 9*m - 15. Let n(r) = -11*q(r) + 2*u(r). Calculate n(2).
-5
Let r(f) = 11*f**2 + 14*f**2 + f**3 + 3 + 0*f**3 - 22*f**2. Give r(-3).
3
Let u = -4 + 6. Let y(i) = 3*i**2 - 3*i + 1. Let s(a) = a**2 + a - 1. Let j(c) = u*s(c) - y(c). Calculate j(3).
3
Let h(b) = 0 + 2 + 4*b**2 - 6*b + b**2 - b**3. Let s(u) = -7*u + 5. Let v(t) = 13*t - 9. Let r(x) = -11*s(x) - 6*v(x). Let w be r(-5). Determine h(w).
-6
Let i(n) = -4*n**3 - 10*n**2 + 9*n + 16. Let v(t) = -3*t**3 - 10*t**2 + 10*t + 15. Let g(o) = 2*i(o) - 3*v(o). Determine g(-11).
-2
Let g be -1*1*(0 - 0). Suppose 0 = y - 4*y - 3. Let t(b) = b**2 - b. Let o(k) = k**2 - 3*k + 4. Let j(a) = y*o(a) + 2*t(a). What is j(g)?
-4
Let r(i) = -i**3 - 8*i**2 + 8*i - 13. Suppose 2*q = -14 - 4. Give r(q).
-4
Let m = -3/11 - -20/33. Let x(w) be the third derivative of -m*w**3 + 0*w - 3*w**2 - 1/24*w**4 + 0. Calculate x(-2).
0
Suppose 9*m + 11 = g + 6*m, 0 = -5*g - 3*m - 17. Let q(l) = -4*l**2 - l - 2. What is q(g)?
-5
Let s(x) = -2*x - 6. Let z be s(0). Let m(t) = t**3 + 6*t**2 - t - 4. What is m(z)?
2
Let a(q) = 2*q**2 + 3*q - 5. Let v(m) = 5*m**2 + 9*m - 14. Let i(g) = 11*a(g) - 4*v(g). Calculate i(3).
10
Let l(i) be the first derivative of -1 - 1/3*i**3 + i + 1/4*i**4 + 1/20*i**5 + 1/2*i**2. Let h(y) be the first derivative of l(y). Calculate h(-4).
-7
Let c(l) = -l**2 + 1. Let m(u) = -2*u + 13. Let d be m(7). Let r(t) = -4*t**2 - 4*t. Let w(b) = d*r(b) + 3*c(b). What is w(-2)?
-1
Let m be 2/(-10) - (-153)/(-85). Let p(f) = f**3 + f. Give p(m).
-10
Let l(q) = 2*q**2 - 4*q - 3. Let y(w) = -w**2 + 3*w + 2. Let d(o) = 2*l(o) + 3*y(o). Give d(1).
2
Let n(p) = p + 6 + 5*p**2 + 13*p**3 - 8*p**3 - 2*p - 6*p**3. Determine n(5).
1
Let q(x) = -x**2 + 7*x + 4. Let u(r) = 3*r - 5. Let v be u(4). What is q(v)?
4
Let h(j) = -3*j**2 - 3*j + 7. Let m(w) = -2*w**2 - 2*w + 4. Let a(b) = 3*h(b) - 5*m(b). Give a(2).
7
Let c(j) be the second derivative of -j**5/20 - j**4/3 - j**3/3 - j**2/2 + 13*j. Give c(-4).
7
Let k(z) = -z**2 - 10*z - 7. Suppose u - 9*l = -4*l - 15, 2*u = -l - 8. Give k(u).
18
Let w(z) = -z - 1. Let i = 12 + -13. Give w(i).
0
Let k = -2 - -2. Let f(r) = r + k*r + 3*r**3 - 2*r**3 + 4. Suppose 4*u = 3*u - 0*u. Give f(u).
4
Let f(j) = -j**2 + 3*j + 2. Let i(c) be the second derivative of -c**4/12 - 4*c**3/3 + 3*c**2/2 - c. Let k be i(-8). Let m = 8 - k. Determine f(m).
-8
Let o(u) = -u - 4. Let i be o(-9). Let a(j) = -2 - 2 - 2 - 8*j + i. Give a(1).
-9
Let b be (3/5)/(17/85). Let f(l) be the first derivative of l**2/2 - 1. Determine f(b).
3
Let u(z) = -2*z + 1. Suppose 3*p + 2*r + 12 = 7, 0 = 2*p + r + 2. Determine u(p).
-1
Let u(s) = s**3 - 3*s**2 + 2. Suppose 32 = -